e tens digit of t?
6
Let y(u) = 59*u**2 + 99*u + 834. What is the units digit of y(-8)?
8
Suppose 3*o = -2*n + 18, 2*o - 10 + 2 = 0. Let y(m) = -n - m + 2*m + 11. What is the units digit of y(-7)?
1
Suppose -3*z = 3*d - 1788 - 963, 0 = z - 4. What is the hundreds digit of d?
9
Let f(o) = -5*o**3 + o**2 - 8*o + 4. What is the hundreds digit of f(-9)?
8
Let n = -2167 - -5545. What is the hundreds digit of n?
3
Suppose 3*j + 511 = 4*n, 680 = -3*j - j + 5*n. Let q = 241 + j. What is the units digit of q?
6
Suppose 34*x - 32*x - 4 = 0. Let u(k) = k**2 - 2. Let g be u(-3). Suppose -3*t - g*p + x*p = -18, -p + 2 = -t. What is the units digit of t?
1
Suppose -9*l + 15*l - 54 = 0. Suppose -8*c = -l*c + 212. What is the tens digit of c?
1
Let n(a) = -115*a**3 - 2*a**2 + 6*a + 9. What is the thousands digit of n(-3)?
3
Suppose 792 = 4*q + 5*h, -h - 136 + 538 = 2*q. Let p = -145 + q. What is the tens digit of p?
5
Let c = -72 + 49. Let q = 90 - c. What is the units digit of q?
3
Let j(l) = -l**2 - 5*l - 3. Let b be j(-4). Let o be b/(-2) - 13/2. What is the units digit of 2/o - 86/(-7)?
2
Let a(m) = -2 - 1 - 1 + 6*m. Let r = 888 + -881. What is the tens digit of a(r)?
3
Suppose 5*o + 104 = -216. Let c = 240 + o. What is the units digit of c?
6
Suppose -21 = 5*w + 79. Let b = w + 35. What is the units digit of b?
5
Let x(g) be the second derivative of g**5/20 + 5*g**4/3 + 10*g**3/3 + 23*g**2/2 + 7*g. Let i be x(-19). What is the units digit of (1/3)/(i/72)?
6
Suppose 8*h + 111 = 9*h. Let k = h + -55. What is the units digit of k?
6
Suppose -2*x - a - 11 = -5*x, -5*a = -4*x + 11. Suppose -550 = -0*o + 5*o. What is the units digit of o/(-15)*6/x?
1
Suppose 18*w - 12708 = 11484. What is the tens digit of w?
4
Let r(x) = 341*x**2 + 16*x + 22. What is the tens digit of r(-2)?
5
Suppose -4*i - 1118 + 3270 = 0. What is the hundreds digit of i?
5
Suppose 99 = -2*g + 3*m, 3*g = -2*g - 2*m - 257. Let d = -21 - g. What is the tens digit of d?
3
Let b = -519 - -923. What is the tens digit of b?
0
Suppose -3*z = -6, -4*y + 0*z - z = -34. What is the units digit of (-12)/y*-38 + -4?
3
Let m be -20 - (-1 + -2 - -4). Let y = -6 - m. Let l = y + 0. What is the units digit of l?
5
What is the tens digit of (-2 + (-50)/(-35))*(-3997)/2?
4
Let r be (5 + -1)/(-4*7/(-14)). Suppose -r*f - 3*n = -62, -3*n + 4 = f - 21. What is the units digit of f?
7
Let z be (-6)/8 - (-77)/44. Let n = -1 + z. Suppose 3*y - 4*g - 25 = n, 3*y - 22 = -0*g + g. What is the units digit of y?
7
Let s(l) = l + 8. Let x be s(-6). Suppose 6*t + x = 4*t. Let c(p) = 6*p**2 - 1. What is the units digit of c(t)?
5
Let u = -1101 - -1946. What is the hundreds digit of u?
8
Suppose 3*l - 21 - 24 = 0. Suppose -4*k - l = -63. What is the tens digit of k?
1
Suppose 852 = -4*g - 2*c, 2*g + 426 = -0*g + 5*c. Let q = -75 - g. What is the units digit of 3/(-6) + q/4?
4
Suppose -4*v = v. Suppose v*q - 2*q + 8 = 0. Suppose q*c - 28 = 60. What is the units digit of c?
2
Let g(h) = 25*h**2 - 2*h - 9. Let a be g(-2). Suppose a = l - 15. What is the tens digit of l?
1
Let b(v) = -4*v + 139. What is the hundreds digit of b(-26)?
2
Let k(h) = h + 7. Let l be k(-5). Suppose -434 = -l*t - 3*z, 3*t - 418 = t + 5*z. What is the units digit of t?
4
Let o(g) = -8*g**3 + g**2 - 19*g - 53. What is the thousands digit of o(-5)?
1
Let f be ((-24)/3)/(4/8). What is the tens digit of (-585)/18*f/10?
5
Let v(p) = -27*p**3 + p**2 - 14*p - 31. What is the units digit of v(-3)?
9
Suppose v - 3*v = -96. Suppose -45*i + v*i - 15 = 0. Suppose 57 = -4*z + i*z. What is the tens digit of z?
5
Suppose 0 = 30*s + 4*s - 40188. What is the thousands digit of s?
1
Suppose -y = 5, -3*y + 4 - 7 = -4*z. Let t be z/16*-4*40. Suppose 3*v = 0, 5*f - v + 2*v = t. What is the units digit of f?
6
Suppose 4788 = 4*t - 4*p, -t + 1127 + 95 = 4*p. What is the units digit of t?
2
Let o be 21/2*(-16)/(-3). Let q be ((1 - 1)/6)/(-1). Suppose q*s - o = -4*s. What is the units digit of s?
4
Let z = -220 - -325. Let l = z + -71. What is the tens digit of l?
3
Let d be (-1530)/(-35) + (-4)/(-14). Let p = 5 - 31. Let n = p + d. What is the units digit of n?
8
What is the hundreds digit of (-43448)/(-13) - (-1)/(104/(-16))?
3
Let b(f) = 5*f**2 + 6*f + 6. Let g be b(-5). Let h = g - 33. What is the tens digit of h?
6
Let s = 172 + -106. Suppose -24 = -5*m - m. Suppose -m*q + 70 = -s. What is the units digit of q?
4
Let x(c) = c**3 + c**2 - 4*c - 2. Let h be x(-1). What is the tens digit of (h - 1)*(-3 - -16)?
1
What is the units digit of (-7 - -4 - -1)*(-316)/2?
6
Suppose 4*g = 3*f - 209, f + 0*g - 67 = 2*g. What is the tens digit of f?
7
Let q = -28 + 88. Suppose q + 243 = 3*w. What is the hundreds digit of w?
1
Let l(r) = -r**2 + 164. Suppose -y + 2 = -5*u - 2, 3*u = -5*y + 20. What is the units digit of l(u)?
4
Suppose 0 = t - 0*k + 4*k + 18, -12 = 4*k. What is the tens digit of (1*-1)/(t/180)?
3
Suppose 5 = -d, -6*z + d + 1724 = -3*z. What is the units digit of z?
3
Suppose -10*y = -7*y - 543. What is the hundreds digit of y?
1
Let r(o) be the second derivative of -3*o**3/2 + o**2/2 + 16*o. What is the hundreds digit of r(-13)?
1
Suppose -9*r - 3*b = -10*r + 1151, -2*r + b + 2327 = 0. What is the units digit of r?
6
Let o = 159 - -217. What is the tens digit of 6/(-14) + o/28?
1
Suppose 0 = 2*m + 5*m. Suppose m = -9*f + 24 + 48. What is the units digit of f?
8
Let a(v) = 7*v**2 + 3*v + 2. Let d be a(-3). Suppose -5*w = -15*w + 40. Suppose -2*t + h + 38 = w*h, 4*h - d = -3*t. What is the units digit of t?
6
Suppose -3*p + 3*g - 24 = -747, -4*p + 940 = 4*g. What is the hundreds digit of p?
2
Suppose 4*t - 632 = -4*y, 3*t - 5*y - 422 - 44 = 0. What is the hundreds digit of t?
1
Suppose -6090 = -8*u - 6*u. What is the units digit of u?
5
Suppose -4*h + 2*h = 10, 3*t + h - 13 = 0. Suppose 3*u = t*u - 819. What is the units digit of u?
3
Suppose 4 = -t, h = -2*h - 5*t + 1390. What is the hundreds digit of h?
4
Let u be (-4 - 36/(-10))*-15. Let j(k) = k**2 + 8*k - 21. What is the units digit of j(u)?
3
Let b = 388 + -374. What is the units digit of b?
4
Suppose 3961 = 4*j - 5*g, -5*g + 2968 = 3*j - 6*g. What is the units digit of j?
9
Let c(n) = 3*n + 0*n + n + n**3 + 4*n + 8*n**2 + 8. What is the units digit of c(-7)?
1
Let a be 25*(1 - 2) + 1. What is the units digit of 496/14 - a/(-56)?
5
Let d be 1/(29/(-15) - -2). Let w(b) = 29 - 3*b + 28 - 53 + 4*b. What is the units digit of w(d)?
9
Suppose 48 = -21*l + 111. Suppose -2*j + 4 = 0, 3*j - 16 - 16 = u. What is the units digit of (u/3)/((-1)/l)?
6
Let l(r) = 6*r**3 + 14*r**2 - 3*r - 2. What is the tens digit of l(4)?
9
Suppose -2*w - 5*l - 36 = -15, 2*w = -4*l - 16. Suppose -20 = -29*y + 25*y. Suppose -a - 3*k + 8 = 0, a = w*a + 4*k - y. What is the units digit of a?
7
Let v(k) = 30*k**2 + 18*k + 8. What is the thousands digit of v(9)?
2
Suppose 4*j = -0*j - 56. What is the units digit of ((-6)/(-4) + -3)*j?
1
What is the units digit of (405 - 7*(-4)/4)/1?
2
Suppose 5*t = 28 + 2. Suppose 0 = -l + 2*s + 6, t*s - s + 35 = 5*l. What is the units digit of l?
8
Let t be ((-70)/(-6))/((-14)/(-210)). Suppose -3*f + t = 4*d - 189, 4*d - 604 = -5*f. What is the hundreds digit of f?
1
Let r be 3/2*(-8)/(-6) - -311. Suppose -2*l = 5*v - r, -4*l + v = 4*v - 591. What is the units digit of l?
4
What is the units digit of -6 + -3 + -2 + 176?
5
Let u(x) = 17*x**3 + x**2 - 6*x + 4. What is the tens digit of u(2)?
3
Let i = 702 - -203. What is the units digit of i?
5
Let f be ((-1)/1 - -2) + -1. Let c be (f - -10)/(2/4). What is the tens digit of 5/(-2)*(-216)/c?
2
Let b = 7 - 3. Suppose -b*x + 5*k = -3, -x = -4*x + 2*k + 4. What is the units digit of (x + 0)/(-4)*-2?
1
Let j(i) be the first derivative of 2*i**3 + 2*i**2 - 3*i + 1. What is the units digit of j(4)?
9
Suppose 0 = 9*x - 56686 + 22. What is the thousands digit of x?
6
What is the hundreds digit of (1432/(-12))/1*(8 - 20)?
4
Let g = 25 - 24. Let h(o) = 0*o**2 + 11*o + o**3 + g + 14*o**2 - 4. What is the units digit of h(-13)?
3
Let z(b) = 18*b**3 - 4*b**2 + 5*b - 3. Let h be z(2). Let x = h + -98. What is the units digit of x?
7
What is the tens digit of (-1086)/(-3) + 2 + -4?
6
Suppose -75 - 15 = 2*h. Let t be (2/(-6))/(1/h). What is the tens digit of (-10)/t + (-95)/(-3)?
3